- 20*x + 53. Let v be j(17). Suppose 2*u - 365 = h - 0*h, v*h - 356 = -2*u. What is the tens digit of u?
8
Let z = 6142 + 1625. Suppose -5*x = 5*f - z + 2132, -3*f + 3361 = -2*x. What is the hundreds digit of f?
1
What is the units digit of (-11 - -3*24/8)*-959?
8
Let o(v) = v**3 - 52*v**2 + 724*v - 4. What is the units digit of o(11)?
9
Let l be (-64)/(-20) - (-4)/(-80)*4. What is the tens digit of (474*(-5 + 4))/(l/(-2))?
1
Let h(z) = z**3 - 19*z**2 + 44*z - 524. Let c be h(18). Suppose -2*i - 9 = -r, 3*i + 22 = 3*r - 2*i. What is the hundreds digit of (-96 - r)*c/35?
1
Suppose 15*t + 4*t + 0*t - 57 = 0. Let r be (-2)/5 - (-152)/5. Suppose -4*x + 44 = 3*j - 0*j, r = 2*j + t*x. What is the tens digit of j?
1
Let v = 149 - 161. What is the hundreds digit of -88*(-1 + 15/v)?
1
Suppose -m - 5474 = -2*j - 1095, 3*j - 6561 = -m. Suppose j - 440 = 4*i. What is the hundreds digit of i?
4
Suppose -4*r - 5*n - 26 = 0, 9*n = 4*n - 10. Let y be ((-98)/(-21) - 6)/(r/(-6)). What is the units digit of -3*1/6*412/y?
3
Let v = -6799 + 14129. What is the hundreds digit of v?
3
Let b(f) = 2*f**2 + f - 5. Let v be b(3). Suppose -12*d + v*d = -4. What is the units digit of 2299/22 - d/(-2)?
4
Let o be (3 + -2)/(1/7). Suppose 2*g - o*g - 20 = 0, 2*f = -g - 12. Let m = 21 + f. What is the units digit of m?
7
Suppose 35 = 2*s + 5*l, -5*s - 4*l + 29 + 33 = 0. Let i be -1 - -4*415/s. Let x = i - -21. What is the hundreds digit of x?
1
What is the ten thousands digit of 556389/17 + 1136/4828?
3
Let n = 52249 + -23749. What is the thousands digit of n?
8
Let q = -5879 - -6300. What is the tens digit of q?
2
Let y(v) = -25*v**2 - 139 + v**3 + 328 - 79 + 53*v. What is the thousands digit of y(25)?
1
Let g = -56 + 60. Suppose h = -q + 778, 11*h - g*q = 13*h - 1556. What is the tens digit of h?
7
Let r(o) = -102*o - 35. Let q be r(-4). Let y = q - 288. What is the tens digit of y?
8
Suppose j + 2*f - 3 = 0, -4*j - 13*f + 12 = -9*f. Suppose 4*o - 1823 = -j*n, n - 452 = -o - n. What is the tens digit of o?
5
Let d = 10106 - -11201. What is the hundreds digit of d?
3
Let w be (260/208)/(2/480). Suppose -2*v = 5*r - 1500, 0 = r + 6*v - 11*v - w. What is the hundreds digit of r?
3
Let m(q) = -81*q**2 + 9*q - 12. Let v(c) = 27*c**2 - 3*c + 4. Suppose -9*u = -12*u + 21. Let x(d) = u*v(d) + 2*m(d). What is the units digit of x(1)?
8
Suppose 4*g + 2*a = 16, 9*g - 13*g + 4*a = -28. Suppose g*h + 465 = 10*h. What is the units digit of h?
3
Let j(h) = h**2 + 14*h - 1. Let x be j(-10). Let f be x/(-6) + 35/210. Let d(q) = 8*q + 22. What is the units digit of d(f)?
8
Let o(s) = 2*s**3 - 30*s**2 - 10*s - 3. Suppose -21*b + 272 = -4*b. What is the hundreds digit of o(b)?
3
Let r = 85001 - 37509. What is the hundreds digit of r?
4
Let k(d) = 542*d**2 - d + 2. Suppose 18 = l + 19. What is the units digit of k(l)?
5
Suppose 5 = 2*k - 13. Suppose -28*p + 2356 = -k*p. What is the hundreds digit of p?
1
Let y = 160 - 149. What is the hundreds digit of (-3227)/(-6) + (y - 284/24)?
5
Let i(f) = -82*f + 15. Let y = 14 - 19. Let r(s) = -123*s + 23. Let j(k) = y*r(k) + 8*i(k). What is the tens digit of j(-3)?
2
Let o(u) = 268*u**3 + 11*u**2 - 186*u + 963. What is the ten thousands digit of o(5)?
3
Let z = -10197 - -37523. What is the tens digit of z?
2
Let l be -1*(-20 + (-4 - -6)). Let g(h) be the second derivative of h**4/12 - 5*h**3/6 + 5*h**2/2 - 13*h. What is the tens digit of g(l)?
3
Let q be 5/(1112/(-144) + 8). Suppose -q*h = -1156 - 230. What is the tens digit of h?
7
Let m(v) = 490*v**2 - 5*v + 3. What is the units digit of m(2)?
3
What is the tens digit of (-3)/(-30) + -16756*14/(-560)?
1
Suppose -17811 = -3*q - 3*l, -l + 10982 - 34755 = -4*q. What is the units digit of q?
2
Suppose 0 = -8*t + 9*t + 54. Let k = 56 + t. What is the tens digit of (-13)/((-260)/(-776))*(-5)/k?
9
Let w(l) = 26*l + 122. Let d be w(-5). Let j(k) = k**3 + 16*k**2 - 7*k - 49. What is the hundreds digit of j(d)?
5
What is the thousands digit of 91378 - (-1 - (15 + -23))?
1
Let f(l) = -l**2 - 180*l - 156. What is the units digit of f(-72)?
0
Let d(b) = -b**3 - b**3 - b**2 + b**3 - 2*b**3 - 3 - 2*b. Let i be d(-2). Suppose 2*w + n - 44 = i, 158 = 5*w - 2*n. What is the units digit of w?
2
Let n(l) = 4503*l**2 - 7*l - 19. Let v be n(-2). Suppose 30*a - 10763 - v = 0. What is the hundreds digit of a?
9
Let a(q) = 3*q + 148. Suppose -4*g + 0*c = 5*c + 45, -5*g + 3*c - 84 = 0. Let f = -15 - g. What is the hundreds digit of a(f)?
1
Suppose -n = 5*k - 15017, 7*k - 5*k + 60222 = 4*n. What is the tens digit of n?
5
Suppose -5*q - 73 - 87 = 0. Let h = 56 + q. What is the units digit of h?
4
Let t(i) be the third derivative of 13*i**4/24 - 27*i**3/2 + 15*i**2. What is the hundreds digit of t(20)?
1
Let b(v) = -14*v**3 - 8*v**2 - 10*v - 5. Let i(r) = -r**3 - 10*r + 24. Let f be i(2). What is the hundreds digit of b(f)?
8
Suppose -i + 995 - 158 = 0. Let f = 802 + i. What is the tens digit of f?
3
Let k(o) = 83*o - 37. Let q(i) = 249*i - 108. Let x(u) = -7*k(u) + 2*q(u). What is the hundreds digit of x(-6)?
5
Let u(n) = -60*n + 1490. What is the tens digit of u(-85)?
9
Let l(i) = -3*i + 40 + 60*i**2 + 7*i - 25*i**2 - 27*i**2. What is the hundreds digit of l(9)?
7
Let h = -258 - -897. Suppose 766 = 5*b - h. What is the hundreds digit of b?
2
Suppose 5*u = 2*b - 1, 11*u - 9*u = -2*b + 8. Suppose 1505 = 5*x - b*a, 4*a - 1470 = -0*x - 5*x. What is the units digit of x?
8
Suppose 0 = 5*z + 5*u - 30, -4*u - 14 = 2. Suppose -410 = -5*y + z. What is the units digit of y?
4
Let s(j) = 3*j**3 - 28*j**2 - 31*j + 19. What is the thousands digit of s(13)?
1
Let w be -1*(2 + -4 + -13). What is the tens digit of (18/w)/(33/3025)?
1
Let x be -1 - (-3 - -2) - 0. Let v(h) = -2*h**3 + 27*h**2 - 36*h. Let g be v(12). Suppose g*a - 3*a + 111 = x. What is the tens digit of a?
3
What is the hundreds digit of (3 - 1)/((-629955)/52497 - -12)?
6
Let i(d) = 13*d**2 - 8*d**3 + 7*d**3 - 15 + 61316*d - 61326*d. Suppose 0*n - 3*b = 5*n - 48, -4 = -4*b. What is the tens digit of i(n)?
1
Let v = 26385 + -17795. What is the tens digit of v?
9
Let d(p) be the second derivative of -7*p**5/20 + p**4/3 + p**3/2 - 10*p. Let v be d(-2). Let j = 109 - v. What is the units digit of j?
3
Suppose 32258 = 46*r - 82822 - 60502. What is the units digit of r?
7
Suppose 0 = -4*n + 246374 - 108330. What is the tens digit of n?
1
Let j(b) = -b**3 + 7*b**2 + 12*b + 4. Let a be j(7). Suppose 0 = -86*g + a*g - 978. What is the tens digit of g?
8
Let p(s) = -s**3 + 9*s**2 - 6*s + 12. Let x be p(8). Suppose t + x = 70. What is the tens digit of t?
4
Let u be (-12)/(-3)*(-15)/(-6). Let a be (u - 2) + -2 - 4. Let g(m) = 12*m**3 - m**2 - 2. What is the units digit of g(a)?
0
Let o(n) = 2*n**2 - 12*n - 16. Let f be (1 + -7)*(-23)/46. Let a(t) = t**3 - 6*t - 1. Let k be a(f). What is the units digit of o(k)?
6
Let o = 451 + -414. Suppose -o*s + 924 = -741. What is the units digit of s?
5
Suppose -9*a = -10*a + 3. Suppose -a*f + f - 3*v = -175, 3*f - 2*v - 243 = 0. What is the units digit of f?
3
Let d(u) = -u**3 - 9*u**2 - 16*u + 1. Let r(a) = -4*a**3 - 28*a**2 - 49*a + 3. Let y(s) = -7*d(s) + 2*r(s). What is the hundreds digit of y(-6)?
3
Let i = 512 + -2046. Let m = 2210 + i. What is the units digit of m?
6
Let n(g) = -g**3 - 18*g**2 + 23*g + 81. Let y be n(-19). Suppose -1172 = -2*k - 2*f, -7*k = -y*k - 3*f - 1182. What is the tens digit of k?
8
Let t(l) = -68*l + 1819. What is the tens digit of t(7)?
4
Let j(y) = 3*y**2 + y - 70. Let v be j(17). Suppose 0 = 4*r - 2*t - 3*t - 1693, 2*r = -4*t + v. What is the tens digit of r?
1
Suppose 2*r - 4*w - 25 = 3*r, 2*r + 3*w = -65. Let u = r - -244. What is the units digit of u?
7
Suppose 342981 = 79*c - 66002. What is the hundreds digit of c?
1
Let m = 26 + -21. Suppose 0 = -5*a + f + 1810, m*f = 3*a - 0*f - 1086. What is the tens digit of a?
6
Suppose -y + 4 = 5*l + 44, -32 = 4*l - 2*y. What is the units digit of (l + 9)/(12420/(-2485) + 5)?
7
Suppose -5*r - 4*h = -36921, 256*r - 29532 = 252*r - 2*h. What is the units digit of r?
1
Let y(h) = 37 - 5*h - 2*h + 6*h + 2*h. Let w be y(-5). What is the tens digit of (-16)/w*1/(2/(-100))?
2
Let b = -71 + 76. Suppose 0 = 4*p + 16, -3*w = -w - b*p - 30. Suppose w*n - l - 653 = n, 3*l = 5*n - 81